+ h = 4*z. Let g = k - -11. What is the remainder when 33 is divided by g?
9
Let x = -241 + 372. Let y(j) = j**3 - 16*j**2 + 81*j - 90. What is the remainder when x is divided by y(8)?
39
Let t(m) = -m + 2 + 0*m + 0*m + 0*m. Let i be t(1). Let g = 20 + i. Calculate the remainder when g is divided by 6.
3
Let b(z) = -z**3 - 6*z**2 - 7*z - 3. Let n be b(-5). Suppose -98 = -0*c - n*c. Suppose -135 = -23*a + c*a. What is the remainder when 50 is divided by a?
5
Suppose -2*o - 7*o = -54. Suppose -3*f - o*f = -459. Calculate the remainder when 301 is divided by f.
46
Let u = 1233 + -1208. Calculate the remainder when (-4)/(-6) + 217/3 is divided by u.
23
Let h be (-6)/15 + 168/20. Let a be (-2 - h/6)*27/(-15). Suppose -2*k + 5*q = -14, -a*q = k - 5*q. Calculate the remainder when k is divided by 2.
0
Suppose -74 = 26*s - 1010. Let j be -3 + 175 + (1 - 3). Let l = j + -27. Calculate the remainder when l is divided by s.
35
Let r be (1/2)/(5/(-10))*-178. Let o = -164 + r. What is the remainder when 40 is divided by o?
12
Let o(f) = f**3 + 3*f**2 - 4*f - 6. Let a be o(-3). Suppose -a*u - 7*u + 208 = 0. Calculate the remainder when u is divided by 9.
7
Suppose -4*q - 748 = -6148. Suppose 0 = -15*j - 10*j + q. Calculate the remainder when j is divided by (-14)/(-7) + (-13)/(-1).
9
Let p(h) = 438*h + 22365. Suppose 0 = -2*t + 201 + 9. What is the remainder when t is divided by p(-51)?
24
Suppose o - 5*y = 15, -o + y + 3 = -0*y. Suppose m - 20 - 5 = o. Calculate the remainder when (29784/16)/17*(-2)/(-3) is divided by m.
23
Suppose -51 = -3*l + 3*n + 18, -n = l - 31. Let p = 267 + -263. Let c(j) = 6*j**2 + 7*j - 44. Calculate the remainder when c(p) is divided by l.
26
Let r(s) = 6*s - 1. Let y = 242 - 245. What is the remainder when r(1) is divided by -82*y/78 - 20/130?
2
Suppose 2 = n - 3, 5*p + n - 165 = 0. Suppose -a = -135 + p. Calculate the remainder when a is divided by 53.
50
Let m(f) = 5*f + 21. Calculate the remainder when 20/(-8) + (-261)/(-6) is divided by m(0).
20
Suppose -2*m - 3*m + 7638 = m. What is the remainder when m is divided by 67?
0
Suppose 0 = 5*o - h - 26, 0*h + 14 = -o + 5*h. Suppose 9*m + o = 12*m. Suppose 1 = -m*w + 71. Calculate the remainder when 137 is divided by w.
32
Suppose -11*u + 10*u = 1, 4*u = -7*v + 8823. Calculate the remainder when 2523 is divided by v.
1
Let l = 8229 + -8111. Calculate the remainder when 1666 is divided by l.
14
Let n = 2985 + -1942. What is the remainder when n is divided by 11?
9
Suppose -6*m + 72 = 2*v, 13*v - m = 14*v - 22. What is the remainder when 4318 is divided by v?
13
Let b(a) = -2*a**2 - 12*a + 3. Let n be b(-6). Let m(i) = n*i**2 + 0*i**2 + 2*i**2 + 3*i**3 - 3 - 7*i**2. What is the remainder when 37 is divided by m(2)?
11
Let f = 713 + -469. Let j(t) = 6*t + 11. What is the remainder when f is divided by j(5)?
39
Let q(d) = 4*d**2 - 39*d - 8. Let l be q(10). Let g(j) = 8*j**3 + 2*j**2 - 4*j + 11. Calculate the remainder when g(l) is divided by 27.
21
Suppose 2*j + 4*y - 81 = -67, -j + 5*y = -119. Let s = 20 - 13. Let q = -1 + s. What is the remainder when j is divided by q?
3
Let l be ((-15)/6)/((-15)/12). Suppose -l*z = 4*a - 328, 3*a + a = 4*z + 304. Let h = 81 - a. What is the remainder when 2 is divided by h?
0
Suppose 0 = -15*a + 112 - 7. Let s(h) = 18*h**2 + 12*h - 14. Let d be s(a). What is the remainder when (d/(-16))/((-1)/2 + 0) is divided by 20?
19
Calculate the remainder when (0 - -1) + (-4)/(-44) + 107190/55 is divided by 16.
14
Suppose q + 2*n = -0*n + 8, 0 = -q + 5*n - 20. Suppose -5*v + 2*l + 165 = q, -3 = 4*l - 23. Calculate the remainder when 123 is divided by v.
18
Suppose 120*a = 17*a + 10506. Calculate the remainder when 193 is divided by a.
91
Let b(x) = 32*x + 77 - 10 + 29*x - 60*x. Calculate the remainder when 176 is divided by b(-44).
15
Calculate the remainder when (-308461)/(-94) + (-3)/2 is divided by 183.
169
Suppose -6062*g + 6155*g = 392646. What is the remainder when g is divided by 41?
40
Let v(m) be the third derivative of 7*m**5/60 + 7*m**4/24 - 5*m**3/6 - 43*m**2. Calculate the remainder when v(-5) is divided by 17.
16
Let f = -52 + 67. Calculate the remainder when 78 is divided by f/(-3) - 52/(-2).
15
Let y = 1606 - 1604. What is the remainder when 208 is divided by y?
0
Suppose -2*y = 2*b - 44, -4*b - 48 = -4*y + 48. Suppose -2*k + 33 = -3. Suppose -358 = -k*j - 124. Calculate the remainder when y is divided by j.
10
Let u(d) = -61*d + 692. Calculate the remainder when u(7) is divided by 9.
4
Let t(h) = -h**3 + 12*h**2 + 31*h - 499. Suppose 5*p = -3*r + 135 + 90, -4*p + 187 = r. What is the remainder when p is divided by t(8)?
3
Let n(k) = -6*k + 7 + 18*k + 8*k**2 - 4*k - 11*k. Calculate the remainder when 164 is divided by n(2).
32
Let r be 0/(-2*(-3)/(-2) + 2). Suppose -2*w - 2*n + 22 = 0, -4*w - 5*n + 48 + r = 0. Calculate the remainder when 10 is divided by w.
3
Let k(t) = -8*t**2 + 14*t + 12. Let y be k(8). What is the remainder when (-3 + -1)*7275/y is divided by 39?
36
Suppose -6*v + 324 = -2*a - v, -5*a - 810 = 2*v. Let f = -143 - a. What is the remainder when 71 is divided by f?
14
Suppose 17*b - 49*b + 1408 = 0. Suppose -3*x + 2*r = -0*r - 1185, 4*x + 5*r = 1557. Calculate the remainder when x is divided by b.
41
Suppose 0 = 78*c + 26870 - 121612 - 4318. Calculate the remainder when c is divided by 7.
3
Suppose -2*t + 4*b - 658 = -7*t, -3*b = -2*t + 277. What is the remainder when 434 is divided by t?
32
Let c(g) = 3*g**2 + 32*g - 266. Calculate the remainder when c(17) is divided by 32.
25
What is the remainder when 2 + (-24)/14 - 1536/(-14) is divided by ((-5852)/(-210) - 0) + 4/30?
26
Suppose 272*y = 275*y - 9. Suppose 0 = y*w + 4*u - 295, 3*u = 5*w - 600 + 147. Calculate the remainder when w is divided by 6.
3
Let y(u) = u**3 - 9*u**2 + 2*u - 4. Let b be ((-128)/(-6))/((-28)/84). What is the remainder when (172/(-6))/(10 - b/(-6)) is divided by y(9)?
1
Suppose 3*k + 226 + 155 = 0. Suppose 4*p + 34 = -4*u - 334, -u + 5*p - 110 = 0. Let f = u - k. What is the remainder when f is divided by 14?
4
Suppose 52 = 5*h + 2*k, 0*h + 2*h - 2*k = 18. Suppose 0 = h*o - 323 - 7. Let s(q) = q**2 - q - 2. What is the remainder when o is divided by s(-4)?
15
Suppose -6*k + k - 3*g + 752 = 0, 3*k + 2*g - 451 = 0. What is the remainder when k is divided by 147?
4
Let w = 67 - -88. Calculate the remainder when w is divided by ((-5025)/(-60) - 35)/((-10)/(-16)).
77
Suppose -4*x + 3 = -3*n, 4*x + 4*n - 11 - 13 = 0. Suppose v - x*d + 0*d = 64, -4*v + 216 = -4*d. What is the remainder when 129 is divided by v?
31
Suppose 198 = -2*m + 3*m - b, -196 = -m + 3*b. Calculate the remainder when 4/(12/15) + m is divided by 35.
29
Suppose -2*b - 1809 = 7*b. Let p = -62 - b. Calculate the remainder when p is divided by 29.
23
Suppose -9*a = 44*a - 48707. What is the remainder when a is divided by 184?
183
Suppose 4*u = -4*v + 740, -5*u - 5*v + 4*v + 909 = 0. Let s = -136 + u. What is the remainder when s is divided by 8?
5
Let z = -1390 - -1419. Calculate the remainder when 8988 is divided by z.
27
Calculate the remainder when (-6908)/(-55)*10/4 - (-5 + 1) is divided by 29.
28
Let f(t) = 19 - 2*t + 233*t**2 - 115*t**2 - 11*t - 119*t**2. What is the remainder when 23 is divided by f(-13)?
4
Suppose -212 + 4 = 16*n. What is the remainder when ((-2)/(-5))/(n/(-3120)) is divided by 49?
47
What is the remainder when 490 is divided by ((-42)/(-15))/(791/68930)?
2
Let r(j) = -j**2 - 5*j + 6. Let b be r(-6). Calculate the remainder when (b + 1)/(9/36) is divided by 14/12 - (-75)/90.
0
Let a(x) = -x**3 + 10*x**2 - x - 28. Let f be 2*((-2)/10)/((-14)/175). Suppose -l = -14 - 2. What is the remainder when a(f) is divided by l?
12
Let z = 531 + -369. Suppose 13*b = z + 59. What is the remainder when 33 is divided by b?
16
Let j = 25840 - 25782. Suppose -4*r = -5*m + 1437, -2*m + 293 = -m + 2*r. Calculate the remainder when m is divided by j.
57
What is the remainder when -10 + 12 - (-129 + 1) is divided by (-8)/(-10)*(-357*10/(-60) - 2)?
38
Suppose 6*n - 190 = 1700. Suppose -3*y = 3*u - n, 4*y + 4*u - 408 = 3*u. Let j = 113 - y. Calculate the remainder when 45 is divided by j.
9
Let d = -143 + 146. Suppose -7*o - 24 = -66. Suppose -o*k = -k + j - 48, 2*j = -k + 6. Calculate 